{"id":7,"date":"2015-11-28T18:58:49","date_gmt":"2015-11-28T18:58:49","guid":{"rendered":"http:\/\/leonka.hu\/hetimenu\/?page_id=7"},"modified":"2025-11-07T09:41:09","modified_gmt":"2025-11-07T09:41:09","slug":"zeta-hotel-es-etterem","status":"publish","type":"page","link":"https:\/\/leonka.hu\/hetimenu\/zeta-hotel-es-etterem\/","title":{"rendered":"Z\u00e9ta Hotel \u00e9s \u00c9tterem"},"content":{"rendered":"\n<!--\n Start of web scrap (created by wp-web-scraper)\n Source URL: https:\/\/hotelzeta.hu\/heti-menu-etlap\/\n Query: .feature-42__container (cssselector)\n Other options: Array\n(\n    [headers] => \n    [cache] => 10\n    [useragent] => Men\u00fc (https:\/\/leonka.hu\/hetimenu)\n    [timeout] => 6\n    [on_error] => error_show\n    [output] => html\n    [glue] => \n\n    [eq] => \n    [gt] => \n    [lt] => \n    [query_type] => cssselector\n    [remove_query] => svg, img\n    [remove_query_type] => cssselector\n    [replace_query] => \n    [replace_query_type] => cssselector\n    [replace_with] => \n    [basehref] => 1\n    [a_target] => \n    [callback_raw] => \n    [callback] => \n    [debug] => 1\n    [charset] => UTF-8\n    [url] => https:\/\/hotelzeta.hu\/heti-menu-etlap\/\n    [query] => .feature-42__container\n    [urldecode] => 1\n    [querydecode] => 0\n)\n-->\n<div class=\"brxe-irckuu brxe-container feature-42__container bricks-lazy-hidden\" data-brx-loop-start=\"irckuu\"><div class=\"brxe-lesovm brxe-block feature-42__container-info bricks-lazy-hidden\"><h2 class=\"brxe-hgjhus brxe-heading feature-42__heading\">2026. 05. 11 - 15. Tel: +92\/351-440, H\u00e1zhozsz\u00e1ll\u00edt\u00e1ssal is! A men\u00fc \u00e1ra 2.200 Ft, a csomagol\u00e1s plusz 200 Ft.<\/h2><p class=\"brxe-zlhuaw brxe-text-basic feature-42__description\">A men\u00fc \u00e1ra: 2 050 Ft | Csomagol\u00e1s d\u00edja: +250 Ft<\/p><\/div><div class=\"brxe-heemnf brxe-block feature-42__container-features bricks-lazy-hidden\"><ul class=\"brxe-izyyyf brxe-block feature-42__features-list bricks-lazy-hidden\"><li class=\"brxe-hsddxj brxe-block feature-42__feature-element bricks-lazy-hidden\"><div class=\"brxe-uvnifz brxe-div feature-42__icon-wrapper bricks-lazy-hidden\"><\/div><div class=\"brxe-srmumm brxe-block feature-42__feature-element-container bricks-lazy-hidden\"><h3 class=\"brxe-ybyvvc brxe-heading feature-42__feature-heading\">H\u00e9tf\u0151<\/h3><div class=\"brxe-eatdbn brxe-text feature-42__feature-description\"><p>\u00a0<\/p>\n<ul>\n<li>Tejf\u00f6l\u00f6s bableves<\/li>\n<li>P\u00e1rizsi sert\u00e9skaraj has\u00e1bburgony\u00e1val, amerikai k\u00e1poszta sal\u00e1t\u00e1val<\/li>\n<li>Kaka\u00f3s palacsinta<\/li>\n<\/ul>\n<\/div><\/div><\/li><li class=\"brxe-dmohvk brxe-block feature-42__feature-element bricks-lazy-hidden\"><div class=\"brxe-akcujb brxe-div feature-42__icon-wrapper bricks-lazy-hidden\"><\/div><div class=\"brxe-jrirkm brxe-block feature-42__feature-element-container bricks-lazy-hidden\"><h3 class=\"brxe-dlwhdg brxe-heading feature-42__feature-heading\">Kedd<\/h3><div class=\"brxe-yraddh brxe-text feature-42__feature-description\"><ul>\n<li>Z\u00f6lds\u00e9ges karfiolleves<\/li>\n<li>Sert\u00e9spaprik\u00e1s nokedlivel, alma paprika<\/li>\n<li>Desszert<\/li>\n<\/ul>\n<\/div><\/div><\/li><li class=\"brxe-banxwu brxe-block feature-42__feature-element bricks-lazy-hidden\"><div class=\"brxe-krlzcx brxe-div feature-42__icon-wrapper bricks-lazy-hidden\"><\/div><div class=\"brxe-xvdhmc brxe-block feature-42__feature-element-container bricks-lazy-hidden\"><h3 class=\"brxe-tcapuc brxe-heading feature-42__feature-heading\">Szerda<\/h3><div class=\"brxe-gnlxjx brxe-text feature-42__feature-description\"><ul>\n<li>H\u00e1zias h\u00fasgomb\u00f3cleves<\/li>\n<li>Csirkemell grillezve, cheddaros sajtm\u00e1rt\u00e1ssal \u00e9s r\u00f6sztivel<\/li>\n<li>M\u00fczli szelet<\/li>\n<\/ul>\n<\/div><\/div><\/li><li class=\"brxe-cvjovv brxe-block feature-42__feature-element bricks-lazy-hidden\"><div class=\"brxe-kmygxe brxe-div feature-42__icon-wrapper bricks-lazy-hidden\"><\/div><div class=\"brxe-ppdqth brxe-block feature-42__feature-element-container bricks-lazy-hidden\"><h3 class=\"brxe-wbnnne brxe-heading feature-42__feature-heading\">Cs\u00fct\u00f6rt\u00f6k<\/h3><div class=\"brxe-plqgal brxe-text feature-42__feature-description\"><ul>\n<li>Hamis guly\u00e1sleves csipetk\u00e9vel<\/li>\n<li>S\u00fclt csirkecomb burgonya p\u00fcr\u00e9vel, t\u00f6kmagolajos \u2013 lilahagym\u00e1s babsal\u00e1t\u00e1val<\/li>\n<li>N\u00e1polyi<\/li>\n<\/ul>\n<\/div><\/div><\/li><li class=\"brxe-endrbn brxe-block feature-42__feature-element bricks-lazy-hidden\"><div class=\"brxe-ysumin brxe-div feature-42__icon-wrapper bricks-lazy-hidden\"><\/div><div class=\"brxe-nglydk brxe-block feature-42__feature-element-container bricks-lazy-hidden\"><h3 class=\"brxe-lzzzds brxe-heading feature-42__feature-heading\">P\u00e9ntek<\/h3><div class=\"brxe-uecchy brxe-text feature-42__feature-description\"><ul>\n<li>Fokhagyma kr\u00e9mleves pir\u00edtott zsemlekock\u00e1val<\/li>\n<li>Gyros has\u00e1bburgony\u00e1val, joghurtos kevert sal\u00e1t\u00e1val<\/li>\n<li>Fah\u00e9jas palacsinta<\/li>\n<\/ul>\n<p>\u00a0<\/p>\n<p>\u00a0<\/p>\n<p>\u00a0<\/p>\n<\/div><\/div><\/li><\/ul><div class=\"brxe-aixmgj brxe-block feature-42__img-wrapper bricks-lazy-hidden\"><figure class=\"brxe-pkwxcr brxe-image feature-42__img tag\"><\/figure><\/div><\/div><\/div>\n<!--\n End of web scrap\n WPWS Cache Control: Cache-hit Transients API\n Computing time: 0.0062 seconds\n-->\n\n","protected":false},"excerpt":{"rendered":"","protected":false},"author":1,"featured_media":0,"parent":0,"menu_order":0,"comment_status":"closed","ping_status":"closed","template":"","meta":{"footnotes":""},"class_list":["post-7","page","type-page","status-publish","hentry"],"_links":{"self":[{"href":"https:\/\/leonka.hu\/hetimenu\/wp-json\/wp\/v2\/pages\/7","targetHints":{"allow":["GET"]}}],"collection":[{"href":"https:\/\/leonka.hu\/hetimenu\/wp-json\/wp\/v2\/pages"}],"about":[{"href":"https:\/\/leonka.hu\/hetimenu\/wp-json\/wp\/v2\/types\/page"}],"author":[{"embeddable":true,"href":"https:\/\/leonka.hu\/hetimenu\/wp-json\/wp\/v2\/users\/1"}],"replies":[{"embeddable":true,"href":"https:\/\/leonka.hu\/hetimenu\/wp-json\/wp\/v2\/comments?post=7"}],"version-history":[{"count":7,"href":"https:\/\/leonka.hu\/hetimenu\/wp-json\/wp\/v2\/pages\/7\/revisions"}],"predecessor-version":[{"id":1611,"href":"https:\/\/leonka.hu\/hetimenu\/wp-json\/wp\/v2\/pages\/7\/revisions\/1611"}],"wp:attachment":[{"href":"https:\/\/leonka.hu\/hetimenu\/wp-json\/wp\/v2\/media?parent=7"}],"curies":[{"name":"wp","href":"https:\/\/api.w.org\/{rel}","templated":true}]}}