{"id":19,"date":"2015-11-28T22:37:44","date_gmt":"2015-11-28T22:37:44","guid":{"rendered":"http:\/\/leonka.hu\/hetimenu\/?page_id=19"},"modified":"2025-03-07T12:04:37","modified_gmt":"2025-03-07T12:04:37","slug":"favorit-fogado","status":"publish","type":"page","link":"https:\/\/leonka.hu\/hetimenu\/favorit-fogado\/","title":{"rendered":"Favorit Fogad\u00f3"},"content":{"rendered":"<h4>Ha nem jelenik meg, pr\u00f3b\u00e1ld az \u00e9tterem hivatalos weboldal\u00e1n:<br \/>\n<a href=\"https:\/\/favoritfogado.hu\/heti-menu\" target=\"_blank\" rel=\"noopener noreferrer\">www.favoritfogado.hu<\/a><\/h4>\n","protected":false},"excerpt":{"rendered":"<p>Ha nem jelenik meg, pr\u00f3b\u00e1ld az \u00e9tterem hivatalos weboldal\u00e1n: www.favoritfogado.hu<\/p>\n","protected":false},"author":1,"featured_media":0,"parent":0,"menu_order":0,"comment_status":"closed","ping_status":"closed","template":"","meta":{"footnotes":""},"class_list":["post-19","page","type-page","status-publish","hentry"],"_links":{"self":[{"href":"https:\/\/leonka.hu\/hetimenu\/wp-json\/wp\/v2\/pages\/19","targetHints":{"allow":["GET"]}}],"collection":[{"href":"https:\/\/leonka.hu\/hetimenu\/wp-json\/wp\/v2\/pages"}],"about":[{"href":"https:\/\/leonka.hu\/hetimenu\/wp-json\/wp\/v2\/types\/page"}],"author":[{"embeddable":true,"href":"https:\/\/leonka.hu\/hetimenu\/wp-json\/wp\/v2\/users\/1"}],"replies":[{"embeddable":true,"href":"https:\/\/leonka.hu\/hetimenu\/wp-json\/wp\/v2\/comments?post=19"}],"version-history":[{"count":3,"href":"https:\/\/leonka.hu\/hetimenu\/wp-json\/wp\/v2\/pages\/19\/revisions"}],"predecessor-version":[{"id":1612,"href":"https:\/\/leonka.hu\/hetimenu\/wp-json\/wp\/v2\/pages\/19\/revisions\/1612"}],"wp:attachment":[{"href":"https:\/\/leonka.hu\/hetimenu\/wp-json\/wp\/v2\/media?parent=19"}],"curies":[{"name":"wp","href":"https:\/\/api.w.org\/{rel}","templated":true}]}}